[INFO] cloning repository https://github.com/LNP-BP/descriptor-wallet
[INFO] running `Command { std: "git" "-c" "credential.helper=" "-c" "credential.helper=/workspace/cargo-home/bin/git-credential-null" "clone" "--bare" "https://github.com/LNP-BP/descriptor-wallet" "/workspace/cache/git-repos/https%3A%2F%2Fgithub.com%2FLNP-BP%2Fdescriptor-wallet", kill_on_drop: false }`
[INFO] [stderr] Cloning into bare repository '/workspace/cache/git-repos/https%3A%2F%2Fgithub.com%2FLNP-BP%2Fdescriptor-wallet'...
[INFO] running `Command { std: "git" "rev-parse" "HEAD", kill_on_drop: false }`
[INFO] [stdout] 7e33b73d162b46bd79a4921407a4a8b2f7a8e7a2
[INFO] building LNP-BP/descriptor-wallet against master#881c1ac408d93bb7adaa3a51dabab9266e82eee8 for issue-85264
[INFO] running `Command { std: "git" "clone" "/workspace/cache/git-repos/https%3A%2F%2Fgithub.com%2FLNP-BP%2Fdescriptor-wallet" "/workspace/builds/worker-8/source", kill_on_drop: false }`
[INFO] [stderr] Cloning into '/workspace/builds/worker-8/source'...
[INFO] [stderr] done.
[INFO] validating manifest of git repo https://github.com/LNP-BP/descriptor-wallet on toolchain 881c1ac408d93bb7adaa3a51dabab9266e82eee8
[INFO] running `Command { std: "/workspace/cargo-home/bin/cargo" "+881c1ac408d93bb7adaa3a51dabab9266e82eee8" "metadata" "--manifest-path" "Cargo.toml" "--no-deps", kill_on_drop: false }`
[INFO] started tweaking git repo https://github.com/LNP-BP/descriptor-wallet
[INFO] finished tweaking git repo https://github.com/LNP-BP/descriptor-wallet
[INFO] tweaked toml for git repo https://github.com/LNP-BP/descriptor-wallet written to /workspace/builds/worker-8/source/Cargo.toml
[INFO] crate git repo https://github.com/LNP-BP/descriptor-wallet already has a lockfile, it will not be regenerated
[INFO] running `Command { std: "/workspace/cargo-home/bin/cargo" "+881c1ac408d93bb7adaa3a51dabab9266e82eee8" "fetch" "--manifest-path" "Cargo.toml", kill_on_drop: false }`
[INFO] [stderr]     Blocking waiting for file lock on package cache
[INFO] [stderr]     Blocking waiting for file lock on package cache
[INFO] [stderr]  Downloading crates ...
[INFO] [stderr]   Downloaded web-sys v0.3.50
[INFO] [stderr]   Downloaded wasm-bindgen-backend v0.2.73
[INFO] [stderr]   Downloaded socks v0.3.3
[INFO] [stderr]   Downloaded bip39 v1.0.1
[INFO] [stderr]   Downloaded serde_derive v1.0.125
[INFO] [stderr]   Downloaded unicode-xid v0.2.2
[INFO] [stderr]   Downloaded sct v0.6.1
[INFO] [stderr]   Downloaded yaml-rust v0.4.5
[INFO] [stderr]   Downloaded wasm-bindgen-macro v0.2.73
[INFO] [stderr]   Downloaded js-sys v0.3.50
[INFO] [stderr]   Downloaded strict_encoding v1.2.3
[INFO] [stderr]   Downloaded slip132 v0.3.3
[INFO] [stderr]   Downloaded wasm-bindgen-macro-support v0.2.73
[INFO] [stderr]   Downloaded dtoa v0.4.8
[INFO] [stderr]   Downloaded serde_yaml v0.8.17
[INFO] [stderr]   Downloaded rustls v0.16.0
[INFO] [stderr]   Downloaded amplify v3.4.0
[INFO] [stderr]   Downloaded paste v1.0.5
[INFO] [stderr]   Downloaded amplify_syn v1.1.0
[INFO] [stderr]   Downloaded amplify_derive v2.7.0
[INFO] [stderr]   Downloaded unicode-normalization v0.1.9
[INFO] [stderr]   Downloaded strict_encoding_derive v1.0.0
[INFO] [stderr]   Downloaded proc-macro2 v1.0.26
[INFO] [stderr]   Downloaded electrum-client v0.6.0
[INFO] [stderr]   Downloaded wasm-bindgen v0.2.73
[INFO] [stderr]   Downloaded regex v1.5.3
[INFO] [stderr]   Downloaded miniscript v5.1.0
[INFO] [stderr]   Downloaded serde_with v1.5.1
[INFO] [stderr]   Downloaded bitcoin v0.26.0
[INFO] [stderr]   Downloaded bech32 v0.7.3
[INFO] [stderr]   Downloaded bitcoin_hashes v0.9.6
[INFO] [stderr]   Downloaded secp256k1 v0.20.2
[INFO] [stderr]   Downloaded syn v1.0.72
[INFO] [stderr]   Downloaded serde_with_macros v1.2.2
[INFO] [stderr]   Downloaded serde_str_helpers v0.1.2
[INFO] [stderr]   Downloaded stringly_conversions v0.1.1
[INFO] [stderr]   Downloaded wasm-bindgen-shared v0.2.73
[INFO] [stderr]   Downloaded secp256k1-sys v0.4.0
[INFO] [stderr]   Downloaded serde v1.0.125
[INFO] running `Command { std: "docker" "create" "-v" "/var/lib/crater-agent-workspace/builds/worker-8/target:/opt/rustwide/target:rw,Z" "-v" "/var/lib/crater-agent-workspace/builds/worker-8/source:/opt/rustwide/workdir:ro,Z" "-v" "/var/lib/crater-agent-workspace/cargo-home:/opt/rustwide/cargo-home:ro,Z" "-v" "/var/lib/crater-agent-workspace/rustup-home:/opt/rustwide/rustup-home:ro,Z" "-e" "SOURCE_DIR=/opt/rustwide/workdir" "-e" "CARGO_TARGET_DIR=/opt/rustwide/target" "-e" "CARGO_HOME=/opt/rustwide/cargo-home" "-e" "RUSTUP_HOME=/opt/rustwide/rustup-home" "-w" "/opt/rustwide/workdir" "-m" "1610612736" "--user" "0:0" "--network" "none" "ghcr.io/rust-lang/crates-build-env/linux@sha256:20528e8c29e4536546f0102ce88568b16ea7538393a33fcca951030f7af10457" "/opt/rustwide/cargo-home/bin/cargo" "+881c1ac408d93bb7adaa3a51dabab9266e82eee8" "metadata" "--no-deps" "--format-version=1", kill_on_drop: false }`
[INFO] [stdout] 804068b0283511ed9ac322c11d7872f691acb4150023ced4376afa9f8db2f234
[INFO] [stderr] WARNING: Your kernel does not support swap limit capabilities or the cgroup is not mounted. Memory limited without swap.
[INFO] running `Command { std: "docker" "start" "-a" "804068b0283511ed9ac322c11d7872f691acb4150023ced4376afa9f8db2f234", kill_on_drop: false }`
[INFO] running `Command { std: "docker" "inspect" "804068b0283511ed9ac322c11d7872f691acb4150023ced4376afa9f8db2f234", kill_on_drop: false }`
[INFO] running `Command { std: "docker" "rm" "-f" "804068b0283511ed9ac322c11d7872f691acb4150023ced4376afa9f8db2f234", kill_on_drop: false }`
[INFO] [stdout] 804068b0283511ed9ac322c11d7872f691acb4150023ced4376afa9f8db2f234
[INFO] running `Command { std: "docker" "create" "-v" "/var/lib/crater-agent-workspace/builds/worker-8/target:/opt/rustwide/target:rw,Z" "-v" "/var/lib/crater-agent-workspace/builds/worker-8/source:/opt/rustwide/workdir:ro,Z" "-v" "/var/lib/crater-agent-workspace/cargo-home:/opt/rustwide/cargo-home:ro,Z" "-v" "/var/lib/crater-agent-workspace/rustup-home:/opt/rustwide/rustup-home:ro,Z" "-e" "SOURCE_DIR=/opt/rustwide/workdir" "-e" "CARGO_TARGET_DIR=/opt/rustwide/target" "-e" "CARGO_INCREMENTAL=0" "-e" "RUST_BACKTRACE=full" "-e" "RUSTFLAGS=--cap-lints=forbid" "-e" "CARGO_HOME=/opt/rustwide/cargo-home" "-e" "RUSTUP_HOME=/opt/rustwide/rustup-home" "-w" "/opt/rustwide/workdir" "-m" "1610612736" "--user" "0:0" "--network" "none" "ghcr.io/rust-lang/crates-build-env/linux@sha256:20528e8c29e4536546f0102ce88568b16ea7538393a33fcca951030f7af10457" "/opt/rustwide/cargo-home/bin/cargo" "+881c1ac408d93bb7adaa3a51dabab9266e82eee8" "build" "--frozen" "--message-format=json", kill_on_drop: false }`
[INFO] [stderr] WARNING: Your kernel does not support swap limit capabilities or the cgroup is not mounted. Memory limited without swap.
[INFO] [stdout] 184a41ac6da46d6e9c714b1c183e26a51ed44eed640dd5453b685b7535cb2455
[INFO] running `Command { std: "docker" "start" "-a" "184a41ac6da46d6e9c714b1c183e26a51ed44eed640dd5453b685b7535cb2455", kill_on_drop: false }`
[INFO] [stderr]    Compiling autocfg v0.1.7
[INFO] [stderr]    Compiling rand_core v0.4.2
[INFO] [stderr]    Compiling proc-macro2 v1.0.26
[INFO] [stderr]    Compiling unicode-xid v0.2.2
[INFO] [stderr]    Compiling paste v1.0.5
[INFO] [stderr]    Compiling bitcoin_hashes v0.9.6
[INFO] [stderr]    Compiling regex-syntax v0.6.25
[INFO] [stderr]    Compiling secp256k1-sys v0.4.0
[INFO] [stderr]    Compiling chrono v0.4.19
[INFO] [stderr]    Compiling rand_core v0.3.1
[INFO] [stderr]    Compiling rand_jitter v0.1.4
[INFO] [stderr]    Compiling rand_os v0.1.3
[INFO] [stderr]    Compiling rand_xorshift v0.1.1
[INFO] [stderr]    Compiling rand_isaac v0.1.1
[INFO] [stderr]    Compiling rand_hc v0.1.0
[INFO] [stderr]    Compiling rand_pcg v0.1.2
[INFO] [stderr]    Compiling rand_chacha v0.1.1
[INFO] [stderr]    Compiling rand v0.6.5
[INFO] [stderr]    Compiling stringly_conversions v0.1.1
[INFO] [stderr]    Compiling quote v1.0.9
[INFO] [stderr]    Compiling syn v1.0.72
[INFO] [stderr]    Compiling secp256k1 v0.20.2
[INFO] [stderr]    Compiling regex v1.5.3
[INFO] [stderr]    Compiling amplify_syn v1.1.0
[INFO] [stderr]    Compiling amplify_derive v2.7.0
[INFO] [stderr]    Compiling bitcoin v0.26.0
[INFO] [stderr]    Compiling amplify v3.4.0
[INFO] [stderr]    Compiling strict_encoding_derive v1.0.0
[INFO] [stderr]    Compiling miniscript v5.1.0
[INFO] [stderr]    Compiling slip132 v0.3.3
[INFO] [stderr]    Compiling strict_encoding v1.2.3
[INFO] [stderr]    Compiling descriptor-wallet v0.4.1 (/opt/rustwide/workdir)
[INFO] [stdout] error[E0432]: unresolved imports `slice32`, `super::Slice32`, `crate::Slice32`
[INFO] [stdout]   --> src/lib.rs:68:9
[INFO] [stdout]    |
[INFO] [stdout] 68 | pub use slice32::Slice32;
[INFO] [stdout]    |         ^^^^^^^ use of undeclared crate or module `slice32`
[INFO] [stdout]    | 
[INFO] [stdout]   ::: src/hlc.rs:24:5
[INFO] [stdout]    |
[INFO] [stdout] 24 | use super::Slice32;
[INFO] [stdout]    |     ^^^^^^^^^^^^^^
[INFO] [stdout]    | 
[INFO] [stdout]   ::: src/psbt/proprietary.rs:19:5
[INFO] [stdout]    |
[INFO] [stdout] 19 | use crate::Slice32;
[INFO] [stdout]    |     ^^^^^^^^^^^^^^
[INFO] [stdout] 
[INFO] [stdout] 
[INFO] [stdout] error[E0119]: conflicting implementations of trait `std::borrow::Borrow<hlc::HashLock>` for type `hlc::HashLock`
[INFO] [stdout]   --> src/hlc.rs:33:5
[INFO] [stdout]    |
[INFO] [stdout] 33 |     Wrapper,
[INFO] [stdout]    |     ^^^^^^^
[INFO] [stdout]    |
[INFO] [stdout]    = note: conflicting implementation in crate `core`:
[INFO] [stdout]            - impl<T> Borrow<T> for T
[INFO] [stdout]              where T: ?Sized;
[INFO] [stdout]    = note: this error originates in a derive macro (in Nightly builds, run with -Z macro-backtrace for more info)
[INFO] [stdout] 
[INFO] [stdout] 
[INFO] [stdout] error[E0119]: conflicting implementations of trait `std::borrow::Borrow<hlc::HashPreimage>` for type `hlc::HashPreimage`
[INFO] [stdout]   --> src/hlc.rs:85:5
[INFO] [stdout]    |
[INFO] [stdout] 85 |     Wrapper,
[INFO] [stdout]    |     ^^^^^^^
[INFO] [stdout]    |
[INFO] [stdout]    = note: conflicting implementation in crate `core`:
[INFO] [stdout]            - impl<T> Borrow<T> for T
[INFO] [stdout]              where T: ?Sized;
[INFO] [stdout]    = note: this error originates in a derive macro (in Nightly builds, run with -Z macro-backtrace for more info)
[INFO] [stdout] 
[INFO] [stdout] 
[INFO] [stdout] error[E0119]: conflicting implementations of trait `std::borrow::BorrowMut<hlc::HashLock>` for type `hlc::HashLock`
[INFO] [stdout]   --> src/hlc.rs:33:5
[INFO] [stdout]    |
[INFO] [stdout] 33 |     Wrapper,
[INFO] [stdout]    |     ^^^^^^^
[INFO] [stdout]    |
[INFO] [stdout]    = note: conflicting implementation in crate `core`:
[INFO] [stdout]            - impl<T> BorrowMut<T> for T
[INFO] [stdout]              where T: ?Sized;
[INFO] [stdout]    = note: this error originates in a derive macro (in Nightly builds, run with -Z macro-backtrace for more info)
[INFO] [stdout] 
[INFO] [stdout] 
[INFO] [stdout] error[E0119]: conflicting implementations of trait `std::borrow::BorrowMut<hlc::HashPreimage>` for type `hlc::HashPreimage`
[INFO] [stdout]   --> src/hlc.rs:85:5
[INFO] [stdout]    |
[INFO] [stdout] 85 |     Wrapper,
[INFO] [stdout]    |     ^^^^^^^
[INFO] [stdout]    |
[INFO] [stdout]    = note: conflicting implementation in crate `core`:
[INFO] [stdout]            - impl<T> BorrowMut<T> for T
[INFO] [stdout]              where T: ?Sized;
[INFO] [stdout]    = note: this error originates in a derive macro (in Nightly builds, run with -Z macro-backtrace for more info)
[INFO] [stdout] 
[INFO] [stdout] 
[INFO] [stdout] error[E0119]: conflicting implementations of trait `std::convert::AsRef<[u8]>` for type `hlc::HashLock`
[INFO] [stdout]   --> src/hlc.rs:33:5
[INFO] [stdout]    |
[INFO] [stdout] 33 |     Wrapper,
[INFO] [stdout]    |     ^^^^^^^ conflicting implementation for `hlc::HashLock`
[INFO] [stdout] ...
[INFO] [stdout] 72 | impl AsRef<[u8]> for HashLock {
[INFO] [stdout]    | ----------------------------- first implementation here
[INFO] [stdout]    |
[INFO] [stdout]    = note: this error originates in a derive macro (in Nightly builds, run with -Z macro-backtrace for more info)
[INFO] [stdout] 
[INFO] [stdout] 
[INFO] [stdout] error[E0119]: conflicting implementations of trait `std::convert::AsRef<[u8]>` for type `hlc::HashPreimage`
[INFO] [stdout]    --> src/hlc.rs:85:5
[INFO] [stdout]     |
[INFO] [stdout] 85  |     Wrapper,
[INFO] [stdout]     |     ^^^^^^^ conflicting implementation for `hlc::HashPreimage`
[INFO] [stdout] ...
[INFO] [stdout] 130 | impl AsRef<[u8]> for HashPreimage {
[INFO] [stdout]     | --------------------------------- first implementation here
[INFO] [stdout]     |
[INFO] [stdout]     = note: this error originates in a derive macro (in Nightly builds, run with -Z macro-backtrace for more info)
[INFO] [stdout] 
[INFO] [stdout] 
[INFO] [stdout] error: aborting due to 7 previous errors
[INFO] [stdout] 
[INFO] [stdout] 
[INFO] [stdout] Some errors have detailed explanations: E0119, E0432.
[INFO] [stdout] 
[INFO] [stdout] For more information about an error, try `rustc --explain E0119`.
[INFO] [stdout] 
[INFO] [stderr] error: could not compile `descriptor-wallet`
[INFO] [stderr] 
[INFO] [stderr] To learn more, run the command again with --verbose.
[INFO] running `Command { std: "docker" "inspect" "184a41ac6da46d6e9c714b1c183e26a51ed44eed640dd5453b685b7535cb2455", kill_on_drop: false }`
[INFO] running `Command { std: "docker" "rm" "-f" "184a41ac6da46d6e9c714b1c183e26a51ed44eed640dd5453b685b7535cb2455", kill_on_drop: false }`
[INFO] [stdout] 184a41ac6da46d6e9c714b1c183e26a51ed44eed640dd5453b685b7535cb2455
